{"id":143,"date":"2026-01-31T19:49:30","date_gmt":"2026-01-31T18:49:30","guid":{"rendered":"https:\/\/kammerchor-fuerstenwalde.de\/wordpress\/?page_id=143"},"modified":"2026-04-20T16:57:39","modified_gmt":"2026-04-20T14:57:39","slug":"kammerchor-fuerstenwalde-2","status":"publish","type":"page","link":"https:\/\/kammerchor-fuerstenwalde.de\/","title":{"rendered":"Kammerchor F\u00fcrstenwalde"},"content":{"rendered":"<h1 style=\"padding-left: 30px; text-align: center;\"><span style=\"font-size: 14pt;\"><span style=\"font-family: verdana,geneva,sans-serif; color: #800000;\"><strong>Herzlich Willkommen auf der Webpr\u00e4senz des<\/strong><\/span><\/span><\/h1>\n<h1 style=\"padding-left: 60px; text-align: center;\"><span style=\"font-size: 14pt; font-family: verdana,geneva,sans-serif; color: #800000;\"><strong>Kammerchores F\u00fcrstenwalde\/Spree \u00bbGeschwister Scholl\u00ab e.V.<\/strong><\/span><\/h1>\n<h2 style=\"padding-left: 30px; text-align: left;\">\u00a0<\/h2>\n<p><span style=\"font-size: 10pt; font-family: verdana,geneva,sans-serif; color: #800000;\"><span style=\"font-size: 14pt;\"><strong>Konzert- und Probentermine im Jahr 2026 \u00a0 <\/strong><span style=\"font-size: 10pt;\"><strong><span style=\"color: #800000;\">(Stand: 20.01.2026)<\/span><\/strong><\/span><\/span><\/span><\/p>\n<div style=\"padding-left: 30px; text-align: left;\"><span style=\"font-size: 10pt; font-family: arial,helvetica,sans-serif;\"><span style=\"font-size: 14pt;\"><span style=\"font-family: verdana,geneva,sans-serif; font-size: 10pt;\"><span style=\"color: #000000;\"><strong>-&gt; Chorprobe\u00a0 &#8211; immer montags &#8211; von 19:30 Uhr bis 21:30 Uhr &#8211;<br \/><\/strong><\/span><\/span><\/span><\/span><\/div>\n<div style=\"padding-left: 30px; text-align: left;\"><span style=\"font-size: 10pt; font-family: arial,helvetica,sans-serif;\"><span style=\"font-size: 14pt;\"><span style=\"font-family: verdana,geneva,sans-serif; font-size: 10pt;\"><span style=\"color: #000000;\"><strong>in der Musikschule<\/strong> <strong>des Landkreises Oder-Spree (Fiete-Schulze-Str. 5\u00a0 in\u00a0 F\u00fcrstenwalde\/Spree)<\/strong><\/span><br \/><\/span><\/span><\/span><\/div>\n<div style=\"padding-left: 30px; text-align: left;\"><strong><em>\u00a0<\/em><\/strong><em><br \/><\/em><\/div>\n<div style=\"padding-left: 30px; text-align: left;\"><strong><em>-&gt; aktuelle Konzerttermine:<\/em><\/strong><\/div>\n<div style=\"padding-left: 30px; text-align: left;\"><strong>31. Mai 15:00 in der Kirche Hasenfelde<\/strong><\/div>\n<div style=\"padding-left: 30px; text-align: left;\"><strong>13. Juni 17:00 Uhr in der Martin-Luther-Kirche F\u00fcrstenwalde-S\u00fcd<\/strong><\/div>\n<pre style=\"text-align: left;\"><span style=\"font-size: 10pt;\"><strong><span style=\"font-family: verdana, geneva, sans-serif; color: #800000;\"><span style=\"font-family: Verdana;\">Unser Motto des Monats:\nAus \"Der rote Faden No. 195\" des Coppenrath-Verlages \"Musik ist, was zusammen klingt\":\n<strong>Ein gutes Lied aus vollem Menschenherzen hat eine stille, wunderbare Kraft, und wenn der Friede in den T\u00f6nen fl\u00fcstert, kommt auch der Friede in die wunde Brust. (Theodor K\u00f6rner)<\/strong><\/span><\/span><\/strong><\/span><\/pre>\n<p style=\"text-align: left;\"><strong>\u00a0\u00a0 \u00a0 \u00a0\u00a0\u00a0 <span style=\"font-size: 10pt; font-family: verdana,geneva,sans-serif; color: #800000;\"><span style=\"font-size: 14pt;\">WIR FREUEN UNS AUF SIE!<\/span><\/span><\/strong><\/p>\n<p style=\"text-align: left;\"><strong>\u00a0\u00a0\u00a0\u00a0\u00a0\u00a0\u00a0\u00a0\u00a0\u00a0\u00a0\u00a0\u00a0 <\/strong><\/p>\n<p style=\"text-align: left;\"><strong>\u00a0\u00a0\u00a0\u00a0\u00a0\u00a0\u00a0\u00a0\u00a0 Wenn Sie den Kammerchor F\u00fcrstenwalde unterst\u00fctzen wollen, t\u00e4tigen Sie doch zuk\u00fcnftig Ihre online-Eink\u00e4ufe \u00fcber:<\/strong><\/p>\n<p style=\"text-align: left;\"><strong>\u00a0 \u00a0 \u00a0 \u00a0 \u00a0 <a href=\"https:\/\/www.bildungsspender.de\/kammerchor-fuerstenwalde\" target=\"_blank\" rel=\"noopener noreferrer\">https:\/\/www.bildungsspender.de\/kammerchor-fuerstenwalde<\/a><\/strong><\/p>\n\n\n<p><\/p>\n","protected":false},"excerpt":{"rendered":"<p>Herzlich Willkommen auf der Webpr\u00e4senz des Kammerchores F\u00fcrstenwalde\/Spree \u00bbGeschwister Scholl\u00ab e.V. \u00a0 Konzert- und Probentermine im Jahr 2026 \u00a0 (Stand: 20.01.2026) -&gt; Chorprobe\u00a0 &#8211; immer montags &#8211; von 19:30 Uhr bis 21:30 Uhr &#8211; in der Musikschule des Landkreises Oder-Spree&#8230;<\/p>\n","protected":false},"author":1,"featured_media":59,"parent":0,"menu_order":0,"comment_status":"closed","ping_status":"closed","template":"","meta":{"footnotes":""},"class_list":["post-143","page","type-page","status-publish","has-post-thumbnail","hentry"],"_links":{"self":[{"href":"https:\/\/kammerchor-fuerstenwalde.de\/index.php?rest_route=\/wp\/v2\/pages\/143","targetHints":{"allow":["GET"]}}],"collection":[{"href":"https:\/\/kammerchor-fuerstenwalde.de\/index.php?rest_route=\/wp\/v2\/pages"}],"about":[{"href":"https:\/\/kammerchor-fuerstenwalde.de\/index.php?rest_route=\/wp\/v2\/types\/page"}],"author":[{"embeddable":true,"href":"https:\/\/kammerchor-fuerstenwalde.de\/index.php?rest_route=\/wp\/v2\/users\/1"}],"replies":[{"embeddable":true,"href":"https:\/\/kammerchor-fuerstenwalde.de\/index.php?rest_route=%2Fwp%2Fv2%2Fcomments&post=143"}],"version-history":[{"count":8,"href":"https:\/\/kammerchor-fuerstenwalde.de\/index.php?rest_route=\/wp\/v2\/pages\/143\/revisions"}],"predecessor-version":[{"id":368,"href":"https:\/\/kammerchor-fuerstenwalde.de\/index.php?rest_route=\/wp\/v2\/pages\/143\/revisions\/368"}],"wp:featuredmedia":[{"embeddable":true,"href":"https:\/\/kammerchor-fuerstenwalde.de\/index.php?rest_route=\/wp\/v2\/media\/59"}],"wp:attachment":[{"href":"https:\/\/kammerchor-fuerstenwalde.de\/index.php?rest_route=%2Fwp%2Fv2%2Fmedia&parent=143"}],"curies":[{"name":"wp","href":"https:\/\/api.w.org\/{rel}","templated":true}]}}

Kammerchor Fürstenwalde

<h1 style="padding-left: 30px; text-align: center;"><span style="font-size: 14pt;"><span style="font-family: verdana,geneva,sans-serif; color: #800000;"><strong>Herzlich Willkommen auf der Webpräsenz des</strong></span></span></h1>
<h1 style="padding-left: 60px; text-align: center;"><span style="font-size: 14pt; font-family: verdana,geneva,sans-serif; color: #800000;"><strong>Kammerchores Fürstenwalde/Spree »Geschwister Scholl« e.V.</strong></span></h1>
<h2 style="padding-left: 30px; text-align: left;"> </h2>
<p><span style="font-size: 10pt; font-family: verdana,geneva,sans-serif; color: #800000;"><span style="font-size: 14pt;"><strong>Konzert- und Probentermine im Jahr 2026   </strong><span style="font-size: 10pt;"><strong><span style="color: #800000;">(Stand: 20.01.2026)</span></strong></span></span></span></p>
<div style="padding-left: 30px; text-align: left;"><span style="font-size: 10pt; font-family: arial,helvetica,sans-serif;"><span style="font-size: 14pt;"><span style="font-family: verdana,geneva,sans-serif; font-size: 10pt;"><span style="color: #000000;"><strong>-&gt; Chorprobe  &#8211; immer montags &#8211; von 19:30 Uhr bis 21:30 Uhr &#8211;<br /></strong></span></span></span></span></div>
<div style="padding-left: 30px; text-align: left;"><span style="font-size: 10pt; font-family: arial,helvetica,sans-serif;"><span style="font-size: 14pt;"><span style="font-family: verdana,geneva,sans-serif; font-size: 10pt;"><span style="color: #000000;"><strong>in der Musikschule</strong> <strong>des Landkreises Oder-Spree (Fiete-Schulze-Str. 5  in  Fürstenwalde/Spree)</strong></span><br /></span></span></span></div>
<div style="padding-left: 30px; text-align: left;"><strong><em> </em></strong><em><br /></em></div>
<div style="padding-left: 30px; text-align: left;"><strong><em>-&gt; aktuelle Konzerttermine:</em></strong></div>
<div style="padding-left: 30px; text-align: left;"><strong>31. Mai 15:00 in der Kirche Hasenfelde</strong></div>
<div style="padding-left: 30px; text-align: left;"><strong>13. Juni 17:00 Uhr in der Martin-Luther-Kirche Fürstenwalde-Süd</strong></div>
<pre style="text-align: left;"><span style="font-size: 10pt;"><strong><span style="font-family: verdana, geneva, sans-serif; color: #800000;"><span style="font-family: Verdana;">Unser Motto des Monats:
Aus "Der rote Faden No. 195" des Coppenrath-Verlages "Musik ist, was zusammen klingt":
<strong>Ein gutes Lied aus vollem Menschenherzen hat eine stille, wunderbare Kraft, und wenn der Friede in den Tönen flüstert, kommt auch der Friede in die wunde Brust. (Theodor Körner)</strong></span></span></strong></span></pre>
<p style="text-align: left;"><strong>         <span style="font-size: 10pt; font-family: verdana,geneva,sans-serif; color: #800000;"><span style="font-size: 14pt;">WIR FREUEN UNS AUF SIE!</span></span></strong></p>
<p style="text-align: left;"><strong>              </strong></p>
<p style="text-align: left;"><strong>          Wenn Sie den Kammerchor Fürstenwalde unterstützen wollen, tätigen Sie doch zukünftig Ihre online-Einkäufe über:</strong></p>
<p style="text-align: left;"><strong>          <a href="https://www.bildungsspender.de/kammerchor-fuerstenwalde" target="_blank" rel="noopener noreferrer">https://www.bildungsspender.de/kammerchor-fuerstenwalde</a></strong></p>


<p></p>

<p>Herzlich Willkommen auf der Webpräsenz des Kammerchores Fürstenwalde/Spree »Geschwister Scholl« e.V.   Konzert- und Probentermine im Jahr 2026   (Stand: 20.01.2026) -&gt; Chorprobe  &#8211; immer montags &#8211; von 19:30 Uhr bis 21:30 Uhr &#8211; in der Musikschule des Landkreises Oder-Spree&#8230;</p>
